*2 - 5*m - 2. Suppose 6 = -0*k - 2*k. Let s = 4 + k. Suppose -5*z + s = -19. What is a(z)?
-6
Let v(a) be the first derivative of a**2/2 + a - 1. Suppose 0 = -7*b + 8*b - 2. Suppose -16 = b*q - 2*c, c = -3*q + 5*c - 27. What is v(q)?
-4
Suppose 39 + 29 = 4*t. Suppose -k = -0*k - 5*i + t, i = 3. Let n(f) = f + 2. Give n(k).
0
Let a(j) = j**3 - 2*j**2 + 1. Suppose -2*m + 22 = -4*m. Let d = m - -13. Calculate a(d).
1
Let h(v) = 8*v + 10. Let a(f) = -7*f - 9. Let l(g) = 6*a(g) + 5*h(g). Let d be l(-3). Let t(m) = -m + 2. What is t(d)?
0
Let r(s) = -3*s**3 + s + 1 + 3*s**2 + 2*s**3 - 3*s**2. Let k be r(0). Let g(d) = 3*d. What is g(k)?
3
Let q(n) be the second derivative of -n**3/2 + n. Let d be (-2)/((3 + -4)/1). Calculate q(d).
-6
Let j(i) = -3*i + 2 - 3*i - 1 - i**2. Let v be j(-6). Let l(p) be the first derivative of -p**4/4 + p**3/3 - 1. Determine l(v).
0
Let b be 3/(-9) + (-25)/(-3). Suppose 15 = -5*t, 0*t - 2*t = 2*j + b. Let g(x) = -4*x - 1. Calculate g(j).
3
Let s(b) = b**2 - 4*b - 2. Suppose -2*q + 2 + 0 = 0. Suppose q = -2*a + 3*c - 5, c - 2 = -5*a. Suppose -v + 3*h = 2 + 7, 2*h - 8 = a. Determine s(v).
-5
Suppose 4*k = 2*k. Let y(r) be the third derivative of 0*r + k*r**3 + r**2 + 0 + 1/24*r**4. What is y(2)?
2
Let g(z) be the first derivative of z**3/3 - 5*z**2/2 + 3*z + 5. Determine g(2).
-3
Let o(r) = r**2 + 1. Let t(y) = -y**3 - 2*y**2 + 2*y - 8. Let c(u) = 6*o(u) + t(u). What is c(4)?
6
Suppose -3*g - g - 5*a + 43 = 0, 0 = -3*g - a + 24. Let q = g + -12. Let o(l) be the second derivative of l**3/3 + 2*l**2 + 4*l. Determine o(q).
-6
Suppose -3*u = u + 24. Let v(m) = -m**2 - 4*m + 7. Determine v(u).
-5
Let x(y) = -y**2 + 4*y + 7. Let b(z) = 2*z. Let f be b(7). Suppose 5*a - f + 4 = 0. Let p(d) = -2*d**2 + 3*d + 8. Let q(g) = a*p(g) - 3*x(g). Determine q(-5).
0
Let l(c) be the third derivative of c**6/120 - 7*c**5/60 + c**4/4 - 5*c**3/6 - 2*c**2. Let x(g) = -g**2 + 9*g + 58. Let j be x(13). Calculate l(j).
-5
Suppose -35*w + 10 = -30*w. Let m(n) = 4*n + 1. Give m(w).
9
Let j(n) = -7*n + 19*n - 4*n - 7*n - 1. Give j(-2).
-3
Suppose 20 = 9*s - 4*s. Let v(d) = -d**3 + 2*d**2 + 6*d - 3. Determine v(s).
-11
Let l(z) = 2*z**2 - 13*z + 1 + 10 + 0*z**2. Let a(y) = y**2 - 7*y + 6. Let g(o) = -11*a(o) + 6*l(o). Let j be (-4)/(-3) + 3/(-9). Determine g(j).
0
Suppose 93 = 4*t + 3*m, -3*m = -t - 4*t + 123. Suppose 18 = -5*z - 2*w, z + 4*w = -3*z - t. Let x(p) = p + 1. Determine x(z).
-1
Let x(q) = q**3 - 2*q**2 + 2*q - 1. Let k = 12 - 10. Calculate x(k).
3
Let a(p) = 3 + 4*p - 2*p - 3*p. Let j(x) = x**3 - 3*x**2 + 5. Let f be j(3). Give a(f).
-2
Let w(f) be the third derivative of -f**5/60 - f**3/6 + f**2. Suppose 76*g - 59*g = -34. Give w(g).
-5
Suppose 3*o + 1 = g + 9, 3 = -3*g + 2*o. Let r(p) = 11*p - 1. Give r(g).
10
Let u(k) = 3*k**3 - 6*k**3 - k + k**2 + 2*k**3 - 4. Suppose 4*j + c + 17 = 0, 0*j + 4*c = -2*j - 26. Let v = j - -3. Calculate u(v).
-4
Suppose -3*s + 5*g + 2 = -3, -3 = s - 4*g. Let u(o) = -o + 0 - 4 + 1 + 1. Give u(s).
-7
Let u(v) = 13. Let k(z) = -z + 38. Suppose -y + 4 = -0*y. Let q(n) = y*k(n) - 11*u(n). Let b(j) = 2*j - 5. Let g(d) = 11*b(d) + 6*q(d). Determine g(1).
-3
Let r(d) = -3*d - 2. Let p be r(-2). Suppose -f = -0*f - p. Let s be 4/4*(f - -1). Let a(i) = -i**2 + 6*i + 3. Give a(s).
8
Suppose 2*t = 3 + 3. Let h(m) = -t*m - 1 + m**2 - m + 4*m. Determine h(0).
-1
Let x(a) = -a**3 - a**2 + a. Let s(d) = -d + 13. Let o be s(16). Let g = o - -3. Give x(g).
0
Let c(t) = -t - 29. Let p be 3/8 - ((-86)/(-16) - 5). Determine c(p).
-29
Let i(j) be the second derivative of j**7/2520 + j**6/720 + j**5/30 - 5*j**4/12 - 2*j. Let f(n) be the third derivative of i(n). What is f(-3)?
10
Let u = -29 + 23. Let m = -1 + u. Let t(n) = -n - 9. Determine t(m).
-2
Let f(m) = 5*m + 4*m - 5*m - 5*m. Suppose 8*g + 2*k + 17 = 3*g, 2*g + 5 = k. Calculate f(g).
3
Suppose 0 = -2*x + 3*x - 2. Let f be x*3/6 - -1. Let o(d) = 5*d**f - 3*d + 3 + 2 - 5 - d**3 - 3. Give o(3).
6
Let r(s) = -s**3. Let i(y) = -11*y**2 + 2*y + 1. Let u be i(-1). Let p be 2/((u/(-3))/4). Determine r(p).
-8
Let k(b) = -2 + 2*b**2 - 2 + 2 + 2*b. Suppose n + 0 - 8 = -3*f, -2*n + 12 = 4*f. Determine k(n).
10
Suppose -3*x - x = -12. Let z(t) = -t + 4. Calculate z(x).
1
Let i(j) = -j**3 - 6*j**2 - 2*j - 7. Let k be i(-6). Let l(t) = 3*t + 10. Let a(u) = 4*u + 10. Let b(s) = -4*a(s) + 5*l(s). Calculate b(k).
5
Let j = -947 + 942. Let v(w) be the first derivative of -3*w**2/2 - 2*w + 1. Give v(j).
13
Let h(r) = -7*r + 2. Let g(n) = n. Let f(i) = 5*g(i) + h(i). Let d = -2 - 0. Give f(d).
6
Let b(i) = i**3 - 7*i**2 + 6*i - 3. Let a = 4 - -11. Suppose -2*k + 7*k + 4*d - 26 = 0, -3*d = 3*k - a. Give b(k).
-3
Suppose 0 = 2*k - 1 - 1. Let o(d) = 8*d + 3*d - k - 5*d. Calculate o(-1).
-7
Suppose -3*t + 0 = 5*k - 6, 0 = 2*t - k - 4. Let d(i) = -3*i - 1 - t*i + 2*i. Determine d(-2).
5
Let o(x) = 2*x**3 - x**2 + x + 1. Suppose -6*g - 5 = -g. What is o(g)?
-3
Suppose 72 = -j + 5*j. Let s be 130/j + (-4)/18. Let o = 11 - s. Let b(d) = d**3 - 4*d**2 - 2*d + 3. What is b(o)?
-5
Let x(v) = v**2 - 5*v - 8. Suppose -4*o + 3*t + 36 = -t, 5*o - 18 = -4*t. Determine x(o).
-2
Let r = 3 - 4. Let p be 6/(-4)*(r + -1). Let f(v) = -v**p + 6*v - 3*v**2 + 7 + 0*v**2 - 2. Give f(-4).
-3
Let u(t) be the second derivative of t**5/20 + 7*t**4/12 + 5*t**3/6 - 4*t**2 + 16*t. Suppose 2*l = r - 15, 2*l - 3*l = 2*r. Calculate u(l).
-2
Let i(w) = w**2 - 6*w - 8. Let c be 150/22 - (-12)/66. Determine i(c).
-1
Let z(t) = -2*t**3 + t. Let w be 4/(-6) - (-10)/6. Let l be z(w). Let j(p) = -3*p**2 + 2*p + 1. Give j(l).
-4
Let p(t) be the third derivative of t**4/8 - 7*t**3/6 - 18*t**2. Calculate p(5).
8
Let u(p) = 5*p - 25*p**2 - 3*p**3 + 2*p**3 + 22*p**2. Calculate u(-4).
-4
Let j(n) = -2*n - 6. Let r = -9 + 5. Let f be j(r). Let g(c) = -3 - 9*c + 5*c**2 - 4*c**f + 15*c. What is g(-6)?
-3
Let r(t) = t**3 + 7*t**2 + 7*t + 1. Suppose 2*l - 4 = z, 2*z + 3*z - 1 = 3*l. Suppose -12 = -a - l*a. Suppose -a*i - i - 24 = 0. Calculate r(i).
-5
Let y be (-5 - -3)*(-2)/4. Let v be -2*y*9/(-3). Let g(u) = u**2 - 2*u - 2*u**2 + 6 + v*u. Give g(5).
1
Let h = 7 - 9. Let b(r) = -4*r - 3. Determine b(h).
5
Let h = -12 - -18. Suppose -5*m - 11 = -h. Let o(s) = s**2 - s - 1. Calculate o(m).
1
Let k(p) = p + 2*p**3 - 3 + 0*p**2 + 6 - p**3 + p**2. Suppose o = -2*q + q + 2, -4 = -5*o - 2*q. Calculate k(o).
3
Let n = -5 - -9. Let b(f) = 4*f - 6*f - 2 + n. What is b(3)?
-4
Let m(o) = 84*o + 3 - 83*o - 2. What is m(-2)?
-1
Let a(o) be the first derivative of o**3/3 + 2*o**2 - o + 7. Give a(-3).
-4
Let y(f) = f + 9. Suppose 16*v + 63 = 7*v. Calculate y(v).
2
Let a(c) = c**3 + 7*c**2 + 9*c - 2. Let j(u) = u**3 + 7*u**2 + 10*u - 1. Let n(v) = 6*a(v) - 5*j(v). What is n(-6)?
5
Let a(f) = -1 - 2*f + 2 + f + f**2 - 2*f**2. Determine a(2).
-5
Let z(s) = s**3 + 6*s**2 - 5*s + 5. Let t(p) = 8*p**3 + p**2 - p - 1. Let w be t(-1). Calculate z(w).
-9
Let h(o) = -o + 7. Let g be (-6)/(-9) - 4/(-3). Suppose 2 = -p - n, 0 = 5*p - g*p + 2*n + 1. Give h(p).
4
Suppose 3*m - 26 = -5*q + q, -5*m + 35 = 5*q. Let r = m - -2. Let y(v) = v**2 - v - 1. Let l(u) = 1. Let j(i) = r*l(i) + y(i). Calculate j(0).
3
Let i(r) be the second derivative of r**3/6 - 2*r**2 + 35*r. What is i(-5)?
-9
Let h(i) be the second derivative of 0 + 1/20*i**5 + 3*i - 1/4*i**4 + 0*i**3 + i**2. Give h(3).
2
Let b(i) = 11*i - 3. Let s(m) = -2*m - 2. Let w(d) = -d + 1. Let g(u) = -s(u) - 3*w(u). Let y(a) = 2*b(a) - 5*g(a). Determine y(4).
-13
Let z(n) = n**3 - 5*n**2 + 2*n + 3. Let q be z(4). Let u(y) = 3*y + 7. Calculate u(q).
-8
Let y(d) be the third derivative of -d**4/3 + d**3/6 + 8*d**2. Calculate y(-1).
9
Suppose -3*a = -5*a + 4. Let z(l) = -a*l + 2*l**2 + 7*l - l**2. Determine z(-5).
0
Let q = 27 - 21. Suppose c = -c - q. Let f(j) = j**3 + 3*j**2 + 5*j + 4. Determine f(c).
-11
Let w(t) = -t**3 + 2*t**2 + t + 1. Let l(i) = -i**2 - 1. Let s(d) = 5*l(d) + w(d). Determine s(-3).
-7
Let j(m) = -m + 4*m**2 + 6*m**3 - 5*m**3 + 2 - 6*m. Suppose c + 0*c = 0. Suppose -5 + c = q. Determine j(q).
12
Let g(c) = -c - 6. Let i be 2 - (-1 - (0 + 6)). Suppose 5*x = -2*f - 150, 3*f + 6 + i = 0. Let p be (-1)/3 - x/(-6). Calculate g(p).
-1
Let o(z) = 2*z**3 + 2*z**2 - z + 2. Suppose -2*c = 2*i + 12, -21 = 5*c